84 = 0. Suppose -c*w + 1 = -899*w. What is o(w)?
-36
Let i(t) = 35*t + 1162. Let n be i(-33). Let r(c) = -c**2 - 2 + 0 + 10 + 6*c. Give r(n).
1
Let x(h) = -11*h**2 + 2*h + 47. Let a(t) = 5*t**2 - t - 21. Let u = -225 - -229. Let c(q) = u*x(q) + 9*a(q). Determine c(-1).
1
Let c = 335 + -295. Suppose 7*q - 17*q = -c. Let p(r) = -5*r**3 + 5*r**2 - 4*r. Let o(l) = 9*l**3 - 10*l**2 + 8*l. Let s(m) = 4*o(m) + 7*p(m). Determine s(q).
0
Let p be (-64)/(-12)*(9/4 + 0). Let r(g) = -g**2 + 19 - 39 + p. Let t = -9 + 9. Calculate r(t).
-8
Let x(t) = 12 + 7 - 15 + 12*t + 9. Determine x(-4).
-35
Let j(d) = -5*d**3 - 4 - 5*d**3 + 3. Suppose 70*q - 80 = 66*q. Suppose -1 = q*i + 19. Give j(i).
9
Let s(o) be the first derivative of -2*o**2 - 13*o + 8676. Let t = 1 - 5. Give s(t).
3
Let r(g) = 24*g + 53. Let c be r(-3). Let f(x) = -x**3 - 19*x**2 - 2*x - 36. What is f(c)?
2
Let n(d) = -d + 1. Suppose 4*u - 9 = 15. Suppose -u*b + 4 = -10*b. What is n(b)?
2
Suppose 0*m - 3*m = 39. Let f(o) = 3*o**3 - 15*o**2 - 3*o + 6. Let p(c) = 14*c**3 - 61*c**2 - 13*c + 23. Let x(l) = 9*f(l) - 2*p(l). Give x(m).
21
Let q = 70 + -59. Suppose 0 = -r + 4*t + 14, -2*r + 0*r - 5*t - q = 0. Let d(b) = -8004*b + 8004*b + b**r. Determine d(-1).
1
Let d(w) be the second derivative of 7*w**3/3 + 43*w**2/2 - 1234*w. Give d(-3).
1
Let j(t) = 2*t**3 - t**2 + 1. Suppose -3*v - 3*c - 50 = -v, -2*v + 4*c - 50 = 0. Let q = v - -26. Suppose -4*m = -q - 3. What is j(m)?
2
Let y(l) = l + 7. Let o be y(-7). Let r(b) = -4*b**2 + 7 - b**2 + 6*b - 7 - b**3 + o + 9. Calculate r(-6).
9
Let i = 96 + -94. Suppose -5*y + 30 = -20. Let q(p) = p - y*p + 2 + 5*p. What is q(i)?
-6
Let t(s) = s**2 + 6*s - 1. Let c be -7 + (-4)/4 + 3. Let m be t(c). Let b(d) = 11129535*d**2 - 6*d + 0*d - 11129536*d**2. Determine b(m).
0
Let u(h) be the first derivative of -h**3 - 9*h**2/2 + 2*h + 1882. Calculate u(-6).
-52
Let i(d) = -2 - 7*d - 3 - d**2 - 2. Suppose -67 = 2*k - 5*v, -5*k + 3*v - 96 = -3*v. Determine i(k).
-1
Let h(s) = -7*s**2 + 52*s + 9. Let i(z) = -z**2 + 7*z + 1. Let p(w) = h(w) - 6*i(w). Calculate p(9).
12
Let n be -19 + (-25)/(125/(-140)). Let b(y) = 4*y + 5. Let h(f) = f. Let d(o) = -2*b(o) + 10*h(o). Let a(g) = g - 5. Let l(u) = 11*a(u) - 6*d(u). Give l(n).
-4
Let n(i) = 5*i - 7. Let d(w) be the first derivative of -w**2/2 + w + 2. Let q(x) = -6*d(x) - n(x). Let p be -2 + -2 + (-686)/(-49) + -10. Give q(p).
1
Let s(p) = -12*p - 37. Let l be 2 + 64/(-6) + (-321)/963. Calculate s(l).
71
Let d(v) = -3*v**2 - 4*v + 14. Let g(h) = -8*h**2 - 11*h + 41. Let r(b) = -11*d(b) + 4*g(b). Let u(y) = -2*y**3 + 7*y**2 + y + 12. Let l be u(4). Give r(l).
10
Let n be 52/(-14) + 6/(-84)*4. Let j(l) = -5*l**2 + 11*l - 22. Let z(t) = -3*t**2 + 6*t - 11. Let i(u) = n*j(u) + 7*z(u). What is i(-5)?
-4
Let d(k) = k**3 - 6*k**2 + 12*k - 6. Suppose 4*b - 3*p = 21, -8*p + 7*p + 6 = 3*b. Let i be d(b). Let z(f) = 3*f - 2. Give z(i).
7
Let d(o) be the third derivative of -o**6/360 + 7*o**5/120 - o**4/4 + 70*o**3/3 - 28*o**2 + 1. Let k(u) be the first derivative of d(u). Give k(7).
-6
Let w(u) = 2*u**2 + 3*u - 4. Let p be (-10 - -7)/(-6)*(-14)/(-1). Suppose -p*a = -6 - 1. Suppose -o = 4*i + a + 18, -4*o - 2*i = 20. Calculate w(o).
5
Let a(v) = -6 + 6 + v + 4 - 2*v. Let y be ((-348)/(-8) + 0)/(3/(-8)). Let k = y + 110. Calculate a(k).
10
Let g be (2*7)/((-574)/164). Let p(z) = 6*z - 1. What is p(g)?
-25
Let k(g) = -g**2 - 2*g + 2. Let d(u) be the second derivative of -u**4/12 + 5*u**3/3 - 7*u**2 - 19*u. Let c be d(6). Let p be (-45)/c - 3/(-6). Give k(p).
-6
Let i(b) = b**3 + 14*b**2 - 16*b - 18. Let h be i(-15). Let m be h/9 - (-16)/(-6). Let s(x) be the first derivative of x**3 + 3*x**2/2 - x - 89. Give s(m).
17
Let l(b) = 4*b**3 + 2*b**2 - 2*b - 17. Let a be l(-3). Let g = 101 + a. Let z(d) = 3*d + 6. Determine z(g).
6
Suppose -2*k - 2*w - 8 = 0, 5*k = -4*w - 8 - 17. Let o(m) = m**2 - 10*m**2 - 12 - m + 7*m**3 - 8*m**3. What is o(k)?
-3
Let s(q) = -19*q**2 - 1 + 23*q + 42*q**2 + 2 - 20*q**2. Determine s(-7).
-13
Let o(t) = 3*t - 3. Let y(p) = -2*p. Let z be y(-5). Suppose -z*g = -15*g - 5. Let r be -4 + -1*10/g. Calculate o(r).
15
Suppose -69 - 76 = -5*f. Let x(t) = -1 - 20*t - 29*t + f*t. Suppose 3 - 2 = -b. Calculate x(b).
19
Let o(u) = -2*u + 36. Suppose 0 = -66*k + 9*k + 1026. Determine o(k).
0
Suppose -24 = -4*s - 0*s. Let b be 5*1*(-3 + 24/s). Let p(r) = r + 4. Let y(t) = -t - 3. Let v(l) = -5*p(l) - 6*y(l). Determine v(b).
3
Let a(j) = -36*j - 61. Let x be a(-2). Let z(r) = 12*r - 134. What is z(x)?
-2
Let m = -53759/12 + 4480. Let z(x) be the second derivative of 0*x**3 - 1/20*x**5 + 2*x**2 - x + 0 + m*x**4. Calculate z(0).
4
Suppose -5 - 2 = q + 5*y, 43 = q - 5*y. Suppose -14 = -8*w + q. Let n(h) = w + 5*h**2 - 215*h + h**3 + 215*h. Calculate n(-5).
4
Let n(p) = -35*p**3 + 43*p**2 + 2*p + 12. Let m(u) = 23*u**3 - 27*u**2 - 2*u - 8. Let k(i) = -8*m(i) - 5*n(i). Determine k(-1).
8
Let y(i) = -1501 + 2*i + 1560 + 14*i + i**2. Give y(-17).
76
Let u(f) = f**3 + 7*f**2 - 8*f + 8. Let g(p) = -p**3 + 21*p**2 - 19*p - 28. Let r be ((-5)/((-225)/(-54)))/(3/(-50)). Let q be g(r). Give u(q).
8
Suppose 8*l = 766 - 14. Let d = l - 64. Let i be 0 - 368/(-60) - 4/d. Let b(f) = f**3 - 7*f**2 + 5*f + 8. What is b(i)?
2
Let a be (-687)/(-21) - -1 - (-16)/56. Suppose -q = -f - 1, 27 = 3*f - 2*q + a. Let p(w) = -w**3 - 3*w**2 + 6*w + 5. Calculate p(f).
25
Let k(s) = 5*s**3 + 20*s**2 + 16*s. Let w(q) = q**3 + 4*q**2 + 3*q. Let x(o) = 2*k(o) - 11*w(o). Let v = 0 + 0. Let h be -3 - (v - 0)/(-1). Give x(h).
-6
Let d(h) = -6*h**2 - 2. Suppose -3*y + 3*w + 2*w + 277 = 0, 4*y - 380 = 4*w. Let j = y - 97. Give d(j).
-26
Let p(j) = 3*j**3 - 2*j**2 + j. Let y be 2*((-50)/(-18) + 4/18). Suppose 18 = y*v + 3*v. Suppose -26 = -15*s + v*s. Determine p(s).
18
Let i(t) = 13*t - 14 + 1 - 13*t**2 + 4*t**3 - 3*t**3. Let x = -68429 + 68441. Determine i(x).
-1
Let y = -17149/60 - -1715/6. Let m(a) be the third derivative of -16*a**2 + 0 - y*a**5 + 1/4*a**4 + 2/3*a**3 + 0*a. Give m(6).
4
Suppose -3*b = -12 + 9, 0 = -x - 5*b + 22. Let d(v) = 18*v - 68*v + 13*v + v**2 + x*v + 4 + 12*v. Determine d(6).
-8
Let m(r) be the third derivative of -r**5/60 + 13*r**4/24 + r**3/2 + 419*r**2 + 2*r - 2. Determine m(12).
15
Let h be 4*(-88)/64 + 1/2. Let v(g) = g**3 + 5*g**2 + 4. Calculate v(h).
4
Suppose 2*a - 4*v = 0, -2*a - 2*v - 4 = 2. Let q be (0 - (-2 + a))/(4/6). Let w(h) be the second derivative of -h**4/12 + 7*h**3/6 - 4*h**2 + 2*h. What is w(q)?
-2
Suppose 5*m = m + 24. Let c(f) = -22*f - 271. Let w(g) = -7*g - 85. Let q(h) = 6*c(h) - 19*w(h). Calculate q(m).
-5
Let j(k) = k. Let g(h) = -h**3 - 4*h**2 - 5*h - 3. Let d be g(-2). Let n(y) = 5*y + 2 - 4 + 2*y. Let r(s) = d*n(s) + 6*j(s). Give r(4).
-2
Let t(v) = v**3 - 6*v**2 + 10*v - 2. Let n be t(4). Suppose -5 - 13 = -n*y. Let h be 2 + (-4)/1 - y. Let q(d) = d**2 + 4*d - 4. What is q(h)?
1
Let i be 8 + -12 - -119*1. Let k = i - 109. Let m(n) = 5 + k + 2*n - 6. Give m(-5).
-5
Suppose 3*w - 67 = 158. Let m = 73 - w. Let k be ((-46)/69)/(m/(-18)). Let d(x) = -x**2 - 7*x + 2. Determine d(k).
8
Let b(s) = s**2 - 3*s - 6. Let j be b(5). Suppose 3*n - 4*x = 10, -j*n - n + x = -11. Let o(a) = -a**n + a - a + a. Determine o(1).
0
Let n(h) = 15*h**2 - 10*h - 4. Let u(s) = -13*s**2 + 9*s + 4. Let c(r) = -6*n(r) - 7*u(r). Let p be (-49)/(-3) - (-2)/(-6). Let v = -10 + p. Give c(v).
14
Let c be (210/75)/(18/45). Let s(t) = t**2 - 14*t + 33. Calculate s(c).
-16
Let n(g) be the first derivative of g**3/3 + 5*g**2 + 5*g + 769. Give n(-16).
101
Suppose -95 - 9 = -4*q. Let r = 19 - q. Let o(s) = s + 1. Let w(v) = 2*v + 4. Let k(l) = -5*o(l) + w(l). Give k(r).
20
Let o be 6/18 + 41/3. Suppose -3*s - 1 + 24 = 2*c, -4*c = -3*s + 53. Let y = s - o. Let g(u) = 3*u. Give g(y).
-9
Let a(x) = -6*x**2 + 17*x - 18. Let t(r) = 4*r**2 - 11*r + 12. Let f(c) = 5*a(c) + 7*t(c). Determine f(4).
-6
Let l(m) = -m**3 - 12*m**2 + 4*m + 4. Let t(f) be the third derivative of f**5/60 - f**4/24 - f**3/6 + 5*f**2. Let b(y) = l(y) + 3*t(y). What is b(-9)?
-8
Let v(h) = -3*h - 29. Let c(t) = -t**3 + 26*t**2 - 22*t - 81. Let l be c(25). Give v(l).
-11
Let q(u) = -92*u - 4*u**2 + 93*u - 4 + 2*u**3 - 3*u**3 + 3. Give q(-2).
-11
Let m(t) = 2*t**3 - 1. Let a = -682